ens digit of k(-8)?
1
Let v = -969 + 2361. What is the hundreds digit of v?
3
Let b(o) = o**2 - 4*o - 2. Let g be b(5). Suppose g*c - 2*c - 150 = 0. Let h = c - 101. What is the tens digit of h?
4
Let m(w) = -w + 2. Let f(v) = -3*v + 3. Let g(n) = -2*f(n) + 5*m(n). Suppose -6*u + 10 = -5*u. What is the units digit of g(u)?
4
What is the units digit of 8800/14 - (-12 + (-486)/(-42))?
9
Let p be -154 + 3 + (-6 - -3). Let g be p/(-28) - (-1)/(-2). What is the tens digit of (75/g)/(-5) - -22?
1
Let l(i) = 5*i**2 - 35*i + 61. What is the hundreds digit of l(15)?
6
Suppose 3732 = 13*r + 248. Let c = r + -160. What is the units digit of c?
8
Let o(s) = s**3 - s + 1. Let h(v) = 7*v**3 - 6*v**2 - 19*v + 8. Let r(p) = -h(p) + 6*o(p). What is the tens digit of r(7)?
4
Suppose 0 = 2*h - 3*l - 2 - 8, -3*l = 5*h - 67. Let w(n) = h + n - n**2 + 35 + n. What is the tens digit of w(0)?
4
Suppose -s = 5*m + 13, s = 3*s - 3*m. Suppose 2*b - 7*b = 5, -3*y + b + 4 = 0. What is the tens digit of y - (-16 - (s - -1))?
1
Let q(h) = 4*h - 4. Let m(c) = -2*c**2 + 20*c + 4. Let l be m(10). Let r be 50/l*(-76)/(-95). What is the units digit of q(r)?
6
Let t(l) = 7*l**2 - 3*l + 4. Let f be t(-6). Let w = f - 194. What is the tens digit of 446/16 - (-10)/w?
2
Let r(w) = -2*w + 33. Let i be r(15). Suppose -4*p - 4*c + 564 = 0, -2*p + 282 = 6*c - i*c. What is the hundreds digit of p?
1
Let m(a) = 2*a**3 + 5*a**2 + 5*a + 3. Let q be m(-3). Let r = q + 43. What is the tens digit of r?
2
Let f(o) = -12*o**3 + 4*o**2 + 4*o + 1. What is the units digit of f(-2)?
5
Let t(n) = -92*n - 11. Let c be t(10). What is the units digit of (-3)/9 + c/(-21)?
4
Let z(j) = -4*j - 76 + 0*j + j**3 + 2*j**2 + j + 79. What is the units digit of z(5)?
3
Let f(u) = u. Let d be f(-2). Let x(n) = -7*n**3 + 4*n**2 + 3*n + 2. What is the tens digit of x(d)?
6
Suppose -p + 1 + 2 = 0. Suppose -5*j - b + 203 + 1197 = 0, -p*b = -j + 296. Suppose -96 + j = 5*o. What is the tens digit of o?
3
Let r = -47 - -246. What is the units digit of r?
9
Suppose -2*w + 3*w - 231 = 0. Suppose -z = 6*z - w. What is the units digit of z?
3
Suppose -2 = 2*a - 2*s, 6*a + 3*s = a + 27. Suppose 0*y - 4*y + n = -158, a*y = 4*n + 112. What is the units digit of y?
0
Let f be 1/(-3) + -1 + 26/6. What is the tens digit of (1*-6 + f)*94/(-3)?
9
Suppose 456 - 10086 = -18*o. What is the units digit of o?
5
Suppose -5*i = -0*l + 2*l + 4, 3*l + i - 7 = 0. Suppose 2*j + l*j - 4*d - 260 = 0, -5*j + 255 = -3*d. What is the tens digit of j?
4
Suppose 2*h + d - 1538 = 0, d + 3*d - 1538 = -2*h. What is the tens digit of h?
6
Suppose 6 = d + 12. Let w = d - -20. What is the tens digit of (w/(-21))/(1/(-45))?
3
Suppose -120*u + 102*u + 46872 = 0. What is the hundreds digit of u?
6
Let w = 3 - -1. Suppose 42*r = 38*r + 124. Suppose 2*p + 27 = 3*a, -w*a = -p - 0*p - r. What is the units digit of a?
7
Let g(p) = 8*p - 27. Suppose -j = -10 - 1. What is the units digit of g(j)?
1
Suppose y - 29 = -5*g - 2, 5*y + 15 = 0. Suppose -5 = -2*p + s, 14 = 3*p + 5*s - 26. Suppose -m + p = -g. What is the units digit of m?
1
Suppose o + 15 - 68 = -4*v, -4*v = 4*o - 68. What is the units digit of (-6)/4 - ((-1506)/v - 4)?
8
Suppose 2*q = -3*g + q + 216, 0 = -2*g - 4*q + 134. What is the units digit of (3 - (3 - g)) + -2?
1
Let d = 59 + -67. Let j(s) = -31*s - 64. What is the units digit of j(d)?
4
Suppose 2139 = 7*b - 290. What is the tens digit of b?
4
Suppose 0 = -u - 0*u + 2*h - 5, 3*u - 3*h + 12 = 0. Let i(m) = -m**3 + 2*m**2 - 2*m + 4. What is the tens digit of i(u)?
5
Suppose -8*o + 2058 + 5622 = 0. What is the units digit of o?
0
Let i be -1*(-2 + 5 + -1). Let b = 38 - 29. Let s = b - i. What is the units digit of s?
1
Let f = 7675 + -4270. What is the tens digit of f?
0
Let u(h) = 213*h - 19. What is the tens digit of u(1)?
9
Suppose -b = -6*b. Let w(p) = p**2 - 6. Let l be w(b). What is the tens digit of (2/l)/(3/(-144))?
1
Let m = -4 - -4. Suppose m = -6*w + 5*w + 85. What is the tens digit of w?
8
Let b(w) = -2*w**2 + 18*w - 15. Let z be b(7). Let j(i) = -i**3 + 15*i**2 - 20*i + 6. What is the tens digit of j(z)?
8
Let g be -2 + (-2)/((-6)/105). Suppose -v - 36 = 4*y - 2*y, -5*v - 61 = 3*y. Let n = g + y. What is the units digit of n?
6
Suppose g - 6*b = -4*b + 222, 0 = 2*g - 2*b - 454. What is the units digit of g?
2
Let k = -49 + 69. Let s = 35 - k. Suppose -65 + s = -2*n. What is the units digit of n?
5
Suppose 2*f = 3*x - 114, 5*f = -4*x - 8 + 137. Suppose -4*c - 4*p + x = 0, -5*c + 2*p = -62 - 18. What is the units digit of c?
4
Suppose 17*d + 7489 = 32598. What is the thousands digit of d?
1
Let c(s) = 2*s**2 - 60*s + 69. What is the thousands digit of c(-20)?
2
Suppose 2*k - 331 - 1645 = -3*b, 0 = -5*b + k + 3276. What is the units digit of b?
6
Let y(u) = -2*u**3 + 6*u**2 - 5*u + 11. What is the hundreds digit of y(-5)?
4
Suppose 2*y - 5 = 13. Let z(m) = m**2 - 8*m + 3. Let f be z(y). Suppose 5*p = -5*i + 65, -5*i - f = -p + 13. What is the tens digit of p?
1
Let m(a) = -a + 1. Let z be m(-5). Let i(n) = 16 - 10*n**2 - 3*n + 9*n**2 - 6*n - z. What is the tens digit of i(-8)?
1
Let i be 1 + -2 + 0 + 0/2. What is the units digit of 6/3*i - -53?
1
Let g = -20 + 16. Let b(x) = 10*x**2 + x - 12. What is the hundreds digit of b(g)?
1
Let g(y) be the first derivative of 2*y**3/3 + 33*y**2/2 - 10*y - 18. What is the units digit of g(-18)?
4
Let h be ((-2)/(-6))/((-3)/(-54)). Suppose -h = 4*w - 106. What is the units digit of w?
5
What is the units digit of 461 - 1*(-6 + 4)?
3
Suppose -2*o + 4 = 8, l - 344 = 4*o. What is the tens digit of l?
3
Suppose 3 + 21 = 4*i. Suppose -57 - i = -9*j. What is the units digit of j?
7
Let m(k) = -4*k**3 - 3*k**2 - 2*k - 11. What is the hundreds digit of m(-4)?
2
Let u = 572 + -236. Suppose -5*n - u = -9*n. What is the tens digit of n?
8
Suppose -15*v + 4*v + 7953 = 0. What is the tens digit of v?
2
Let b be 0/(0 - -1 - 2). What is the tens digit of 1/((b + 5)/290)?
5
Let g = 26 + -30. What is the units digit of (-67)/(-1 - 2/g)?
4
Let a(r) = 77*r**2 - 13*r + 3. What is the tens digit of a(-3)?
3
Let n = 5506 + -2880. What is the hundreds digit of n?
6
Suppose -71 = -n - 28. Let j = n + 20. What is the tens digit of j?
6
Let m = 60 - 59. What is the hundreds digit of 1832/6 - m/((-6)/4)?
3
Suppose 20 = 5*u, -4*q = 5*u - 4*u - 12. Suppose -4*j - 122 - 19 = -5*c, 0 = q*j + 8. Let z = 100 - c. What is the tens digit of z?
7
Let p(b) = 5*b**3 - 41*b**2 + 21*b + 14. Let a(o) = 3*o**3 - 21*o**2 + 10*o + 7. Let x(g) = -7*a(g) + 4*p(g). What is the tens digit of x(-18)?
7
Let u = 1702 + -1054. What is the hundreds digit of u?
6
Let o be -1 - -7 - (-6 + 9). Suppose 73 = h + u, h - o*u = -8*u + 57. What is the tens digit of h?
7
Suppose -36*n + 1617 = -29*n. What is the hundreds digit of n?
2
Let s(y) = y**3 + 5*y**2 + 4*y + 6. Let k be s(-4). Let a(w) = 1 - 5 - 3 + w + 2*w. What is the tens digit of a(k)?
1
Let b(u) = u**3 - 7*u**2 - u - 2. Let x be b(6). Let d = -33 - x. What is the units digit of d?
1
Let z be (-10)/(-3 + 4 - (-2 - -5)). Suppose -6*f + 90 = -z*f. What is the tens digit of f?
9
Suppose 17*z - 313 = 1659. What is the tens digit of z?
1
Suppose 147 = 3*l - 3*b, 5*l + 6*b - 4*b - 252 = 0. What is the tens digit of l?
5
What is the hundreds digit of ((-5170)/77)/((-2)/14)?
4
Suppose -t + 3*s = -61 - 515, 0 = 2*t + 4*s - 1172. What is the hundreds digit of t?
5
Let s(d) = -d**3 + 42*d**2 - 99*d - 108. What is the tens digit of s(38)?
0
Let i be 22/18 + 6/(-27). Let m be 0/(i*(2 - 3)). Suppose m = g - 2*g + 21. What is the tens digit of g?
2
Suppose -7*j + 0*j = -3297. What is the hundreds digit of j?
4
Suppose 3*g - 4 - 2 = 0. Suppose -80 = -4*o + g*o + 2*s, -3*o = s - 104. Let u = o + -25. What is the tens digit of u?
1
Let h = -10 - 7. Let g(v) = v**2 + 9 - 11 + 15*v + 16. What is the tens digit of g(h)?
4
Let o be (0 + 2/5)*-5. Let u be -29*(o + 4/4). Let b = 54 - u. What is the tens digit of b?
2
Let d be 2/(-10) - (-562)/10. What is the tens digit of ((-36)/(-14))/(12/d)?
1
Let m be (-2)/(2/(-3) + 0). Let s = 157 - 156. Let g = m - s. What is the units digit of g?
2
Suppose 7*j - 3945 = 3*j + 5*z, 3*j + 3*z = 2979. What is the units digit of j?
0
Suppose 7 = 2*x + x - 4*h, -h - 22 = -3*x. Let d be (-2